5?
False
Let g(r) = -r**3 + 3*r**2 - r + 3. Let k = 15 - 13. Let j be g(k). Suppose -3*p = 5*l - 6*p - 172, 0 = 4*l + j*p - 145. Is l a multiple of 7?
True
Let j(c) = -19*c**3 + 5*c**2 + 7*c + 4. Let k be j(-4). Suppose 41*f = 44*f - k. Does 53 divide f?
True
Suppose -394310 - 165562 = -96*n. Is 24 a factor of n?
True
Let u(c) = c**3 + 13*c**2 - 29*c + 15. Let h = -49 + 34. Let k be u(h). Suppose -8*b = -k*b - 1848. Is b a multiple of 33?
True
Let r be -1*(-49)/17 + (-48)/(-408). Suppose -5*p = -0*f - f - 239, 3*p - 129 = -r*f. Does 14 divide p?
False
Let c be (-65)/150*-58 - (-4)/(-30). Let p(t) = 3*t**2 - 39*t + 69. Does 17 divide p(c)?
True
Let u = -26 + 33. Let f(b) = 23*b - 2*b - 3 - u + 2. Does 15 divide f(3)?
False
Suppose 14*v = -8*v + 88. Suppose -632 = -t - 5*b + 650, -2578 = -2*t + v*b. Is 9 a factor of t?
True
Let y = 9190 + -6203. Is 29 a factor of y?
True
Suppose 11*x = 2355 + 2001. Is 22 a factor of x?
True
Let h(i) = 74*i + 3. Suppose -4*g + u = 5*u, 2*g + u = 0. Suppose 3*q + 11 = 2*y, g = 3*q + 9. Is 28 a factor of h(y)?
False
Suppose -2*a + 3635 = -2*b - 52723, -2*b + 56366 = 2*a. Does 16 divide a?
False
Let t(w) = -1092*w**3 - 2*w**2 - 3*w - 1. Let u be t(-1). Suppose 10*b = 17*b - u. Is b a multiple of 9?
False
Suppose 3*z + 98363 = 5*a, 59017 = 3*a + 35*z - 37*z. Is a a multiple of 25?
True
Suppose 0 = -q + 5*i + 7770, 56*q - i - 23226 = 53*q. Is q a multiple of 12?
True
Let a be (-16 + 14)*12/4. Let m(n) = -116*n + 32. Is m(a) a multiple of 14?
True
Suppose -16 = -2*f + 2*p, -2*f + 2 = -4*p - 14. Let l be (3 + -1 + f/(-12))*-3. Is 13 a factor of l/(-5 - 3) - (-73)/2?
False
Is (-37824)/((846/24)/(-47)) a multiple of 60?
False
Let o(z) = -z**3 + 49*z**2 - 128*z - 4. Does 37 divide o(28)?
True
Let p(i) be the third derivative of 9*i**4/8 - 7*i**3/2 - i**2 + 11*i. Does 10 divide p(3)?
True
Let d = 44 - 40. Let x be (-78)/(-10) + 4*d/80. Suppose 7*f + 6 = x*f. Is 6 a factor of f?
True
Let j(x) = -x**3 - 24*x**2 + 48*x - 5. Does 10 divide j(-35)?
True
Let z(w) = 23*w - 8. Let x be z(0). Does 36 divide (x/3)/((-2)/447)?
False
Let d = -1009 - -16829. Does 140 divide d?
True
Suppose i = r, -5*i - 1 + 9 = -r. Suppose 2*x + 3*v = 137, -i*x = -3*v - 0*v - 107. Suppose 0 = 5*f - x - 59. Does 12 divide f?
True
Let h = 15 + -9. Is h + -6 + (-3 - -13) a multiple of 10?
True
Suppose n - 22 = -10*n. Let i = -1 + 1. Suppose -3*j = -n*f - 58, i = -2*j - 3*f + 35 + 21. Is j a multiple of 11?
True
Suppose 43*r + 120 = 33*r. Let p(x) = -x**2 - 17*x - 3. Is 2 a factor of p(r)?
False
Let u(s) = 14*s + 9. Let x be u(3). Suppose 0*f + 5*j + x = f, 5*f - 228 = -2*j. Suppose m - f - 3 = 0. Is 5 a factor of m?
False
Let w be 2/(1 + 0) + 1630 + 5. Suppose 390 + w = -5*b + j, -415 = b + 3*j. Does 17 divide (-5)/(-15) + b/(-6)?
True
Suppose 3*k = 5*s + 27, -3*k + 3*s + 17 + 4 = 0. Let z(p) = 30*p - 15. Does 3 divide z(k)?
True
Let s(p) = 2*p. Let l be s(3). Let d be ((-4)/(-6))/(l/81). Suppose -d*y + 5*y + 100 = 0. Is y a multiple of 8?
False
Let c(m) = -252*m + 1528. Is 52 a factor of c(-5)?
False
Suppose 4*b + 9 = 3*s - b, 3*s = -3*b + 9. Suppose 0 = s*x - 7 + 4. Does 11 divide (-3 - 0)/(x/(-11))?
True
Let k = 176 - -55. Suppose 65*n + k = 68*n. Is 11 a factor of n?
True
Let g(v) = -v**3 - 4*v**2 - 107*v + 28. Is g(-12) a multiple of 8?
True
Let d = 12 + 8. Suppose -4*q + 0*n + 4*n = -d, 5*q + 2*n = 4. Suppose -4*a + 0*o - q*o + 102 = 0, 0 = -a - 2*o + 27. Is a a multiple of 6?
False
Let j(x) be the second derivative of -x**4/12 - 7*x**3 - 109*x**2/2 + 16*x - 1. Does 11 divide j(-35)?
False
Let c = 57 + -54. Let m(l) = 20*l**3 - 3*l**2 - l - 2. Let q be m(c). Suppose -8*o + q = -4*o. Is o a multiple of 36?
False
Let y(x) = 2*x - 45 + 5*x**2 - 6*x**2 - 22. Let d be y(0). Let f = d - -187. Does 20 divide f?
True
Let y(s) = -2*s - 30. Suppose 0 = -v + 3*k - 15, -v + 2*v + 23 = k. Is 3 a factor of y(v)?
True
Let b(v) = 4*v**2 - 1593*v + 13. Does 124 divide b(-14)?
False
Suppose 0 = 11388*h - 11392*h + 24168. Does 53 divide h?
True
Let x(q) = 433*q + 17. Let o be x(-5). Let l be 12/15 + o/10. Let y = -146 - l. Is 15 a factor of y?
False
Let a = -699 - -3182. Suppose 3441 = l + a. Is 27 a factor of l?
False
Let z = 9065 - 7897. Is 8 a factor of z?
True
Suppose -111316 - 114690 = -22*q. Does 18 divide q?
False
Let g(c) = -46*c + 113. Let b(j) = -2*j**3 - 28*j**2 + 32*j + 21. Let p be b(-15). Is 12 a factor of g(p)?
False
Let y = -2547 - -2917. Is 37 a factor of y?
True
Suppose -5*k = 3*k - 3040. Does 64 divide 2 + k - (0 - 2)?
True
Let h(k) = -k**3 + 10*k**2 + 4. Let g be h(10). Suppose -2*q = -g*v + 131 + 33, 4*q = -v + 23. Suppose 0 = -6*i + v + 183. Is 2 a factor of i?
False
Let m(l) = -1003*l**3 - l**2 - 51*l - 100. Is 11 a factor of m(-4)?
False
Let w be 1 - 1562/(-2) - 2. Let n = w + -656. Does 6 divide n?
False
Let m be 39/6 - (6/4 - 0). Suppose 644 = -m*r - 51. Let f = r - -205. Is f a multiple of 33?
True
Suppose 0 = t + 5*b - 16, 3*t - 14 = 5*b - 3*b. Suppose -t*q + 106 = -326. Is 14 a factor of q?
False
Let b(m) = m**3 - 46*m**2 + 256*m + 53. Is b(40) a multiple of 58?
False
Is -3 - 40/(-16) - 5/(-10)*307 a multiple of 51?
True
Let u(c) = -2*c**2 + 43*c - 18. Let g be u(21). Suppose 0 = -g*b - 3*j + 3030, 20*j - 15*j + 15 = 0. Is 95 a factor of b?
False
Does 131 divide (218/(-436))/((-212746)/106372 - -2)?
True
Does 30 divide (-2 + 55297/(-44))*-24 + 0?
True
Let v be (-11 - 2/((-1)/1))/1. Let y be (-8)/(-6)*v/(-6). Let a = 30 - y. Is 5 a factor of a?
False
Let v(y) = 6*y - 12. Let i be (-1612)/(-91) - 4/(-14). Does 29 divide v(i)?
False
Let a be (-8)/16 - 1070/(-4). Let c = -165 + a. Suppose -5*h - 47 = -2*i + 33, 0 = 3*i - 3*h - c. Does 23 divide i?
False
Suppose 11 + 5 = 4*t. Let m(z) = -2*z**3 + 10*z**2 - 7*z + 8. Let r be m(t). Suppose -2*y - r = -28. Is 4 a factor of y?
True
Let t(p) = -86*p - 3. Let m be t(-3). Suppose 15*v - 198 = -7*v. Suppose -v*d - m = -24*d. Does 7 divide d?
False
Let r(b) = 2*b**3 + 6*b**2 + b - 6. Let s be r(5). Let c = -405 - -158. Let p = c + s. Is 38 a factor of p?
True
Let v(z) = z**3 + 10*z**2 + 19*z - 9. Let o be v(-7). Suppose -5*q - o*a + 213 + 32 = 0, -94 = -2*q + 2*a. Is q a multiple of 7?
False
Suppose -5*a + 4 = 3*t + 14, 4*t = 2*a + 4. Suppose t*s = 2*s - 84. Is 6 a factor of s?
True
Let l(c) = 2*c**3 - c**3 + 16*c + 3*c - 14 - 29*c. Let k be l(6). Suppose 0 = -2*f + 166 + k. Does 17 divide f?
False
Suppose -6*x - 70*x + 23180 = 0. Is x a multiple of 2?
False
Let a(l) = l**3 + 42*l**2 + 2*l + 69. Let h be a(-42). Is 12 a factor of 3 + 243 + 5*(-6)/h?
False
Let m be 1/((-22)/4) - (-101980)/55. Let j = 0 + 2. Suppose 0 = -j*k - 7*k + m. Does 35 divide k?
False
Let o = -703 - -682. Is 99 a factor of (o/4)/((-4749)/(-792) - 6)?
True
Let b = 9798 + -3890. Suppose -512 = -15*g + b. Does 14 divide g?
False
Let h = 2761 + -1408. Suppose 0 = 7*o - 5308 + h. Is o a multiple of 20?
False
Suppose 2*q - 106764 = -215*q. Is 123 a factor of q?
True
Let m(c) = -c**2 - 3*c + 3. Let v be m(-4). Let s(b) = 70*b**2 - 6*b + 1. Let k(z) = 67*z**2 - 5*z. Let r(p) = 3*k(p) - 2*s(p). Does 11 divide r(v)?
False
Suppose -10 = -0*k + 5*k, -15261 = -5*h - 2*k. Let r = h + -1649. Is r a multiple of 27?
True
Suppose -2*y + c = 1, 3*y + 0*y = 5*c - 19. Suppose 10 = -5*g, 3*d = y*g + 1809 + 1840. Is 10 a factor of (1 - d/(-21)) + 3/21?
False
Let n = 46864 - 27964. Does 35 divide n?
True
Let u = 3 - -12. Let m(c) = 15*c**2 - 13*c + 26. Let d(g) = -7*g**2 + 7*g - 13. Let i(k) = -13*d(k) - 6*m(k). Does 20 divide i(u)?
False
Let u(k) = k**3 + 19*k**2 - 23*k - 58. Let w be u(-20). Suppose 3*g = -w*x + 276, -3*x + 3*g + 414 = 8*g. Does 46 divide x?
True
Suppose -5*m + 73932 = 3*s, 7*s - 5*s + 340182 = 23*m. Is 34 a factor of m?
True
Is 21/(-588)*8/3 - (-602036)/84 a multiple of 28?
False
Let r(b) = 279*b**2 + 26*b - 9. Is r(3) a multiple of 12?
True
Let j(z) = -z**3 + z + 23. Let q be j(0). Let w = 26 - q. Suppose w*k + x = 338, k + 2*x = 2*k - 122. Is k a multiple of 19?
True
Let d(f) = f**3 + 4*f**2 - 4*f + 12. Let a be d(-5). Let t be 2*4*a/(-28)*362. Does 12 divide (20/(-12) - -2) + t/(-6)?
False
Let z(p) = p**2 + 0*p**2 + 741*p - 10 - 742*p. Let h be z(4). Suppose 5*n = -5*o + 325, 254 = 4*o + 4*n - h*n. Does 13 divide o?
False
Let f